What is the greatest common divisor of 697 and 1524913?
41
Calculate the greatest common factor of 66797236 and 4180.
836
What is the highest common factor of 365945 and 80?
5
Calculate the highest common factor of 1768040 and 15.
5
Calculate the highest common divisor of 1272962 and 5662.
38
Calculate the greatest common factor of 7610561 and 12922.
497
What is the greatest common divisor of 1875 and 21304875?
375
What is the greatest common divisor of 135359 and 539217?
2219
What is the highest common divisor of 4491655 and 4760?
595
What is the greatest common factor of 1763 and 50388221?
41
What is the greatest common divisor of 1760 and 942496?
32
What is the highest common divisor of 295 and 124826831?
59
What is the highest common factor of 2516 and 60809?
17
Calculate the greatest common factor of 3231410 and 53935.
2345
What is the highest common factor of 174 and 95631618?
174
What is the greatest common factor of 278853 and 39?
3
Calculate the greatest common divisor of 29822 and 2039986.
806
Calculate the highest common divisor of 360074030 and 5.
5
Calculate the highest common factor of 1045590 and 36365.
35
Calculate the greatest common divisor of 201 and 2848103.
67
Calculate the greatest common divisor of 99 and 17151123.
33
What is the greatest common divisor of 5651343 and 1184?
37
Calculate the greatest common divisor of 8031355 and 4240.
265
What is the highest common factor of 46264537 and 111980?
5599
What is the greatest common factor of 169340 and 470?
10
Calculate the greatest common divisor of 1088 and 2495124.
68
Calculate the highest common divisor of 12 and 42706650.
6
Calculate the highest common factor of 750 and 124302.
6
What is the highest common factor of 8543417 and 77851?
127
Calculate the highest common factor of 8016696 and 792.
72
What is the highest common factor of 76568 and 39304?
136
What is the greatest common divisor of 595145 and 30?
5
What is the highest common divisor of 79380 and 1298108?
196
What is the greatest common divisor of 12469 and 56953?
337
Calculate the greatest common divisor of 371943675 and 2025.
225
Calculate the highest common factor of 181923 and 903.
21
What is the greatest common factor of 311 and 7568807?
311
Calculate the highest common divisor of 26505 and 1173915.
855
What is the highest common factor of 3984 and 2843580?
996
Calculate the greatest common factor of 2385 and 2276350.
265
What is the highest common factor of 464059914 and 3?
3
What is the highest common divisor of 46630 and 3160?
10
What is the greatest common factor of 492 and 8274210?
246
Calculate the highest common divisor of 3564 and 731907.
99
What is the highest common factor of 10339101 and 531?
531
What is the greatest common factor of 63580 and 1150985?
935
What is the greatest common divisor of 53735 and 1464485?
55
What is the greatest common divisor of 431375 and 1885?
145
Calculate the highest common factor of 1911183 and 358.
179
What is the highest common divisor of 1670 and 1730?
10
What is the greatest common factor of 32845878 and 122688?
3834
What is the greatest common factor of 8520240 and 100?
20
Calculate the greatest common factor of 810 and 47973360.
30
What is the greatest common divisor of 2298 and 390291171?
1149
Calculate the highest common factor of 14580 and 139212.
108
Calculate the highest common factor of 2040969 and 9639.
357
Calculate the greatest common divisor of 19082514 and 7194.
66
Calculate the highest common divisor of 24390940 and 68.
4
What is the greatest common factor of 895652 and 26329?
233
Calculate the greatest common divisor of 20395710 and 531.
531
What is the highest common divisor of 3267 and 20565402?
363
What is the highest common factor of 264 and 203874?
66
Calculate the greatest common factor of 1216 and 48978960.
304
What is the highest common divisor of 19467 and 423433?
103
What is the highest common factor of 289 and 72127702?
17
What is the greatest common factor of 1332 and 234284?
148
What is the greatest common divisor of 12956 and 15026828?
164
What is the greatest common divisor of 121115 and 785?
5
What is the greatest common divisor of 39800 and 11774830?
1990
What is the greatest common divisor of 537 and 346080390?
537
What is the greatest common factor of 354803138 and 370?
74
Calculate the greatest common factor of 564 and 8019704.
188
Calculate the highest common divisor of 1878060 and 13539660.
6780
Calculate the greatest common divisor of 242 and 2639554.
2
Calculate the highest common divisor of 38948 and 38983.
7
What is the greatest common factor of 21 and 111569493?
21
What is the highest common divisor of 786591 and 100737?
351
Calculate the greatest common factor of 1 and 308339.
1
What is the highest common factor of 1901595 and 75?
15
What is the highest common factor of 384 and 110631504?
48
What is the greatest common factor of 1848486 and 30?
6
What is the highest common factor of 63 and 93469131?
63
What is the greatest common factor of 19927740 and 2516?
68
What is the highest common factor of 63 and 15129513?
63
Calculate the greatest common divisor of 25948497 and 10050.
201
What is the highest common factor of 84 and 30107252?
28
Calculate the greatest common divisor of 248 and 1018385464.
248
Calculate the greatest common factor of 1447121 and 1417.
13
Calculate the greatest common divisor of 431398 and 21846.
22
Calculate the highest common divisor of 4 and 115167722.
2
What is the highest common divisor of 28 and 148580726?
14
Calculate the greatest common factor of 809277 and 1491.
21
What is the greatest common factor of 25796096 and 512?
512
What is the greatest common divisor of 20 and 984655?
5
Calculate the highest common factor of 288 and 7211574.
18
Calculate the greatest common divisor of 46891 and 2301.
13
Calculate the greatest common factor of 9728 and 234992.
304
Calculate the highest common divisor of 6239913 and 9603.
291
Calculate the greatest common factor of 65 and 69158869.
13
Calculate the highest common divisor of 18608616 and 846.
846
What is the highest common divisor of 1302 and 5453427?
651
Calculate the highest common divisor of 159618159 and 54.
9
Calculate the greatest common divisor of 3239436 and 108.
12
What is the highest common factor of 199759 and 21?
7
Calculate the greatest common factor of 959275782 and 12.
6
Calculate the highest common divisor of 7390589 and 19568.
1223
What is the highest common divisor of 40 and 5547635?
5
What is the greatest common divisor of 17904355 and 11025?
245
Calculate the greatest common factor of 126 and 291831162.
42
Calculate the greatest common factor of 13881 and 349463429.
4627
What is the greatest common divisor of 1224 and 5471076?
204
What is the greatest common divisor of 9344016 and 8415?
1683
What is the highest common factor of 5 and 17202665?
5
What is the highest common factor of 128207360 and 6720?
320
What is the greatest common factor of 4346308 and 289508?
1844
What is the highest common factor of 1814 and 139719722?
1814
Calculate the highest common divisor of 389613 and 2541.
21
What is the highest common factor of 294 and 1913730?
42
What is the highest common divisor of 3312 and 129352?
184
What is the greatest common factor of 1522284 and 15264?
12
What is the greatest common factor of 246134129 and 1253?
179
Calculate the greatest common factor of 41104 and 184604.
28
What is the highest common divisor of 2020919 and 683099?
2027
What is the highest common divisor of 785181345 and 45?
15
Calculate the highest common factor of 51 and 125673656.
17
What is the greatest common divisor of 476608538 and 6454?
6454
What is the highest common factor of 3054 and 12992734?
1018
What is the highest common factor of 347044 and 26606?
106
Calculate the greatest common factor of 1742842 and 10746.
398
What is the highest common divisor of 8960 and 49732760?
280
What is the greatest common factor of 841418299 and 47?
47
Calculate the highest common factor of 238610772 and 46116.
6588
What is the highest common divisor of 121233 and 101982?
69
Calculate the highest common factor of 5888 and 14218048.
1472
What is the highest common divisor of 2512 and 40561892?
628
Calculate the highest common divisor of 19342 and 221281642.
10